{"id":68,"date":"2017-08-21T18:30:48","date_gmt":"2017-08-21T18:30:48","guid":{"rendered":"http:\/\/areslia.com\/?page_id=68"},"modified":"2019-03-30T19:50:49","modified_gmt":"2019-03-30T19:50:49","slug":"colegio-de-administradores-de-fincas-de-malaga","status":"publish","type":"page","link":"https:\/\/areslia.com\/index.php\/colegio-de-administradores-de-fincas-de-malaga\/","title":{"rendered":"Colegio de Administradores de Fincas de M\u00e1laga"},"content":{"rendered":"<header class=\"entry-header\">\n<h1 class=\"entry-title\">Historia del Colegio<\/h1>\n<\/header>\n<div class=\"entry-content\">\n<div class=\"entry-content\">\n<p>El\u00a0<strong>Colegio de Administradores de Fincas de M\u00e1laga y Melilla<\/strong>\u00a0se fund\u00f3 en cumplimiento del Real Decreto 1612\/1981, de 19 de junio, por el que se autoriza la constituci\u00f3n de Colegios Territoriales de Administradores de Fincas y del Consejo General de Colegios.<\/p>\n<p>El Ilustre Colegio Territorial de Administradores de Fincas de M\u00e1laga y Melilla es una\u00a0<strong>corporaci\u00f3n de derecho p\u00fablico<\/strong>, amparada por la Ley, reconocida por el Estado\u00a0y regulada por el r\u00e9gimen jur\u00eddico de las competencias de la Comunidad Aut\u00f3noma Andaluza\u00a0con personalidad jur\u00eddica propia y plena capacidad para el cumplimiento de sus fines.\u00a0En lo no previsto especialmente, ser\u00e1n aplicables las normas contenidas en la Ley de Colegios Profesionales de \u00e1mbito estatal (Ley de Colegios Profesionales 2\/1974, de 13 de febrero) y auton\u00f3mico y dem\u00e1s disposiciones legales, de general y particular aplicaci\u00f3n.<\/p>\n<p><img loading=\"lazy\" decoding=\"async\" class=\"aligncenter wp-image-187 size-large\" src=\"https:\/\/www.cafmalaga.es\/wp-content\/uploads\/2014\/06\/instalaciones-cafmalaga-1024x430.jpg\" sizes=\"auto, (max-width: 768px) 100vw, 768px\" srcset=\"https:\/\/www.cafmalaga.es\/wp-content\/uploads\/2014\/06\/instalaciones-cafmalaga-1024x430.jpg 1024w, https:\/\/www.cafmalaga.es\/wp-content\/uploads\/2014\/06\/instalaciones-cafmalaga-300x126.jpg 300w, https:\/\/www.cafmalaga.es\/wp-content\/uploads\/2014\/06\/instalaciones-cafmalaga-600x252.jpg 600w\" alt=\"Instalaciones del Cafmalaga\" width=\"768\" height=\"322\" \/><\/p>\n<h3>Un Colegio Fuerte<\/h3>\n<h6>Integrado en el Consejo Andaluz y en el Consejo General.<\/h6>\n<p>El Colegio de Administradores de Fincas de M\u00e1laga se integra dentro de\u00a0la entidad regional y de la nacional de la profesi\u00f3n: el Consejo Andaluz de Colegios de Administradores de Fincas y el Consejo General de Administradores de Fincas.\u00a0Dentro de ellos,\u00a0el Colegio de M\u00e1laga es el tercero de Espa\u00f1a en n\u00famero de colegiados, por\u00a0detr\u00e1s de los Colegios de Madrid y Barcelona. En este sentido, el Colegio de M\u00e1laga es una referencia para la profesi\u00f3n tanto en el \u00e1mbito andaluz como en el nacional por el n\u00famero de profesionales que\u00a0ejercen, d\u00eda a d\u00eda, esta profesi\u00f3n\u00a0y por sus actuaciones pioneras dentro de la misma.<\/p>\n<h3>\u00c1mbito y ubicaci\u00f3n<\/h3>\n<p>El \u00e1mbito territorial del Colegio comprende la provincia de M\u00e1laga y la Ciudad Aut\u00f3noma de Melilla, y su sede social, radica en M\u00e1laga, en C\/ Compositor Lehmberg Ruiz 10-1\u00ba, Edificio Galaxia.<\/p>\n<\/div>\n<\/div>\n","protected":false},"excerpt":{"rendered":"<p>Historia del Colegio El\u00a0Colegio de Administradores de Fincas de M\u00e1laga y Melilla\u00a0se fund\u00f3 en cumplimiento del Real Decreto 1612\/1981, de 19 de junio, por el que se autoriza la constituci\u00f3n de Colegios Territoriales de Administradores de Fincas y del Consejo General de Colegios. El Ilustre Colegio Territorial de Administradores de Fincas de M\u00e1laga y Melilla <a href=\"https:\/\/areslia.com\/index.php\/colegio-de-administradores-de-fincas-de-malaga\/\" rel=\"nofollow\"><span class=\"sr-only\">Leer m\u00e1sColegio de Administradores de Fincas de M\u00e1laga<\/span>[&hellip;]<\/a><\/p>\n","protected":false},"author":1,"featured_media":0,"parent":0,"menu_order":0,"comment_status":"closed","ping_status":"closed","template":"","meta":{"footnotes":""},"class_list":["post-68","page","type-page","status-publish","hentry"],"_links":{"self":[{"href":"https:\/\/areslia.com\/index.php\/wp-json\/wp\/v2\/pages\/68","targetHints":{"allow":["GET"]}}],"collection":[{"href":"https:\/\/areslia.com\/index.php\/wp-json\/wp\/v2\/pages"}],"about":[{"href":"https:\/\/areslia.com\/index.php\/wp-json\/wp\/v2\/types\/page"}],"author":[{"embeddable":true,"href":"https:\/\/areslia.com\/index.php\/wp-json\/wp\/v2\/users\/1"}],"replies":[{"embeddable":true,"href":"https:\/\/areslia.com\/index.php\/wp-json\/wp\/v2\/comments?post=68"}],"version-history":[{"count":2,"href":"https:\/\/areslia.com\/index.php\/wp-json\/wp\/v2\/pages\/68\/revisions"}],"predecessor-version":[{"id":83,"href":"https:\/\/areslia.com\/index.php\/wp-json\/wp\/v2\/pages\/68\/revisions\/83"}],"wp:attachment":[{"href":"https:\/\/areslia.com\/index.php\/wp-json\/wp\/v2\/media?parent=68"}],"curies":[{"name":"wp","href":"https:\/\/api.w.org\/{rel}","templated":true}]}}